+ -1?
-220210
In base 3, what is -21212110 - -1?
-21212102
In base 2, what is 10001 - 10101?
-100
In base 5, what is 10 + 202202?
202212
In base 14, what is 0 - -6?
6
In base 12, what is -2 - 1616?
-1618
In base 5, what is 12203 - 10?
12143
In base 6, what is 24 + -15?
5
In base 16, what is -5 + -7e?
-83
In base 15, what is -4 - -55?
51
In base 7, what is 12 + -405?
-363
In base 12, what is 2a90 - -3?
2a93
In base 14, what is 144 + -4?
140
In base 11, what is 334 + 2?
336
In base 16, what is -1 + -6ab?
-6ac
In base 3, what is -1 + -21020?
-21021
In base 9, what is 1 + -43?
-42
In base 8, what is -1227 - -3?
-1224
In base 2, what is -1000100101001 - 1?
-1000100101010
In base 3, what is 21000 - 221?
20002
In base 12, what is -303 + -2?
-305
In base 14, what is 51 - 4?
4b
In base 8, what is -16 + 17?
1
In base 10, what is 0 + -419?
-419
In base 15, what is 14b6 - -2?
14b8
In base 13, what is 33 + -1?
32
In base 16, what is 7 - -58?
5f
In base 12, what is 5 + -53?
-4a
In base 13, what is -11a7 - -4?
-11a3
In base 11, what is 5576 - 1?
5575
In base 15, what is -6 - 41?
-47
In base 2, what is 1110 + 1?
1111
In base 15, what is 7 + 73?
7a
In base 2, what is -11010100 - 11?
-11010111
In base 9, what is -146 - -5?
-141
In base 14, what is -12da - 0?
-12da
In base 14, what is -199 + 21?
-178
In base 11, what is -88 - 21?
-a9
In base 12, what is -3 - 7b?
-82
In base 6, what is -2 - 1443?
-1445
In base 8, what is -2 - -2024?
2022
In base 3, what is 100 - 2221110?
-2221010
In base 4, what is -20 - 3102?
-3122
In base 6, what is 453 - -143?
1040
In base 14, what is 4 + -19b?
-197
In base 13, what is 87 - 48?
3c
In base 4, what is -110 + -203?
-313
In base 5, what is 22 - -11?
33
In base 16, what is -90 + -3?
-93
In base 12, what is -2 + 746?
744
In base 7, what is -1614 + 3?
-1611
In base 13, what is -6 + -49?
-52
In base 13, what is -61 + 4?
-5a
In base 2, what is -11 - -1000111?
1000100
In base 2, what is 10 - -100011101?
100011111
In base 8, what is 1 - -1346?
1347
In base 4, what is -13320 + -1?
-13321
In base 14, what is 3649 - 1?
3648
In base 5, what is 12 - -240?
302
In base 8, what is -1 - 461?
-462
In base 16, what is 0 - b0?
-b0
In base 11, what is -347 - 3?
-34a
In base 11, what is -5460 + -3?
-5463
In base 3, what is -1 - -2?
1
In base 12, what is -41 - -3a?
-3
In base 14, what is c + d2?
100
In base 10, what is -2211 + 2?
-2209
In base 2, what is 11 + 110000?
110011
In base 13, what is -2 + 2?
0
In base 11, what is -3 + 5022?
501a
In base 4, what is 121230 - -10?
121300
In base 16, what is -445 + -5?
-44a
In base 6, what is 1 + 253?
254
In base 7, what is 1021 - 0?
1021
In base 2, what is -11 + 11000110?
11000011
In base 6, what is 122 - 145?
-23
In base 15, what is 8 - -12?
1a
In base 9, what is 154 + -15?
138
In base 2, what is 1 - 101101010?
-101101001
In base 12, what is a - 57?
-49
In base 16, what is 4 - -a?
e
In base 4, what is 333 + 13?
1012
In base 6, what is 1 - -2141?
2142
In base 9, what is 14 + -183?
-168
In base 13, what is -2 + -2?
-4
In base 12, what is 0 + 17?
17
In base 4, what is 1 + -101?
-100
In base 9, what is -1 - -140?
138
In base 3, what is -1012 + 1010?
-2
In base 16, what is b0 + -4?
ac
In base 5, what is 3 - -43231?
43234
In base 7, what is -1403 - -5?
-1365
In base 12, what is 20 + -3?
19
In base 5, what is 33 - 1344?
-1311
In base 4, what is 321 - 3331?
-3010
In base 8, what is 2 - -36?
40
In base 14, what is 1579 + -5?
1574
In base 9, what is 5 + -130?
-124
In base 11, what is 11673 - 4?
1166a
In base 5, what is -4 + 131311?
131302
In base 15, what is -2 - -b5?
b3
In base 4, what is -121 + -21?
-202
In base 6, what is 4412 + 4?
4420
In base 14, what is -2a - d?
-39
In base 11, what is 1204 + 0?
1204
In base 7, what is -106 + 2?
-104
In base 5, what is -23141 - -2?
-23134
In base 9, what is 42 - -2?
44
In base 4, what is -2 - -3213?
3211
In base 14, what is ac - -6?
b4
In base 15, what is 11 + 3?
14
In base 13, what is 1a2 + 2?
1a4
In base 12, what is -1 + 742?
741
In base 16, what is 2 + -33?
-31
In base 2, what is -1011010 + 0?
-1011010
In base 10, what is 1 - -52?
53
In base 9, what is -166 - -3?
-163
In base 3, what is 1011 + 12?
1100
In base 7, what is 536 + 0?
536
In base 7, what is -2 - -64?
62
In base 3, what is -100020112 - 12?
-100020201
In base 10, what is -592 - 0?
-592
In base 4, what is -3 + 1021?
1012
In base 13, what is -1ba - -13?
-1a7
In base 15, what is -1adb + -5?
-1ae1
In base 13, what is -1421 - -5?
-1419
In base 4, what is -11 + 211?
200
In base 12, what is 3 - -219?
220
In base 14, what is -b + 14d?
142
In base 16, what is 1 + -72a?
-729
In base 9, what is -5 - -755?
750
In base 15, what is -188 + 12?
-176
In base 14, what is 42 - -d?
51
In base 4, what is 2302 + 20?
2322
In base 11, what is 1 + -1129?
-1128
In base 5, what is 102 + 343?
1000
In base 14, what is 373 + -2?
371
In base 6, what is -10305 - 0?
-10305
In base 7, what is -4454 - 5?
-4462
In base 13, what is 37 + 7?
41
In base 12, what is 498 - -1?
499
In base 9, what is -105 + 5?
-100
In base 16, what is -1 - 9d?
-9e
In base 6, what is -25550 + 3?
-25543
In base 10, what is -5 - -375?
370
In base 10, what is -1 + 293?
292
In base 5, what is 1411 + -1?
1410
In base 12, what is 2 + 1231?
1233
In base 15, what is 0 - -18c?
18c
In base 9, what is 236 + 3?
240
In base 5, what is 233 + 10?
243
In base 14, what is -c - -758?
74a
In base 11, what is 1 - -a?
10
In base 4, what is 103 + -1?
102
In base 3, what is -221102 + -120?
-221222
In base 2, what is 111001000 + 1111?
111010111
In base 8, what is 1 + 2354?
2355
In base 9, what is -66 - 1?
-67
In base 11, what is -5 - 55?
-5a
In base 8, what is 1615 + 3?
1620
In base 9, what is -5 + -631?
-636
In base 9, what is 1 + 61?
62
In base 10, what is -1 - -160?
159
In base 10, what is 5 - -31?
36
In base 12, what is 5 + 329?
332
In base 11, what is -4 - a2?
-a6
In base 8, what is -3 - -105?
102
In base 6, what is -2531 - 4?
-2535
In base 12, what is -3aa + -2?
-3b0
In base 16, what is 1 - 2c?
-2b
In base 16, what is -1f0 + -3?
-1f3
In base 10, what is 833 + -13?
820
In base 4, what is 1231 + -3?
1222
In base 7, what is 14223 + -1?
14222
In base 6, what is -2 + 401?
355
In base 2, what is 101 + -100100010?
-100011101
In base 15, what is 0 - 49?
-49
In base 2, what is -110011110111 - -11?
-110011110100
In base 9, what is -5 + -27?
-33
In base 4, what is -302 - 2?
-310
In base 12, what is 1 + -25?
-24
In base 13, what is -9b2 - 4?
-9b6
In base 15, what is -1b - -5?
-16
In base 2, what is 1 - -110100110?
110100111
In base 16, what is -339 + 5?
-334
In base 5, what is -1203 + 10?
-1143
In base 9, what is -2 - 82?
-84
In base 7, what is 1 - 301?
-300
In base 4, what is 131 - -112?
303
In base 16, what is 4b + a?
55
In base 2, what is -1110111 - -11?
-1110100
In base 16, what is 2 - -1f?
21
In base 14, what is -42 + -36?
-78
In base 7, what is -1 - -6?
5
In base 6, what is 2000 - 5?
1551
In base 12, what is 116 + -11?
105
In base 6, what is 3 + 3020?
3023
In base 7, what is -4 - -32111?
32104
In base 10, what is -545 - 4?
-549
In base 9, what is 15338 - 5?
15333
In base 13, what is 35 + 13?
48
In base 9, what is -710 + 1?
-708
In base 3, what is -10 - -12011?
12001
In base 2, what is -1111100 + -1?
-1111101
In base 8, what is 1253 - 2?
1251
In base 5, what is -4 - -220?
211
In base 11, what is -1207 - -1?
-1206
In base 16, what is -1 + -c07?
-c08
In base 15, what is 4 - -71?
75
In base 7, what is -35133 + -5?
-35141
In base 2, what is -11000010 - -10000?
-10110010
In base 13, what is 4 - -11?
15
In base 10, what is 0 + 231?
231
In base 14, what is -135 - 1?
-136
In base 9, what is -2 + 18?
16
In base 15, what is de4 - -2?
de6
In base 4, what is -232 + -2?
-300
In base 11, what is 26 - 1a?
7
In base 11, what is -2a - -13?
-17
In base 12, what is -3 - -47?
44
In base 15, what is -5d0 + 6?
-5c9
In base 4, what is 302003 + 1?
302010
In base 2, what is 1101100 + 100000?
10001100
In base 2, what is -11 - -11110?
11011
In base 6, what is 15 - 122?
-103
In base 10, what is 398 + 5?
403
In base 11, what is 1 - -103?
104
In base 5, what is -2 + -442?
-444
In base 14, what is c + 134?
142
In base 3, what is 2111 + 101?
2212
In base 7, what is 2140 + -22?
2115
In base 2, what is 1000001111 + 0?
1000001111
In